 digit of 7643?
7
What is the tens digit of 603?
0
What is the units digit of 28320?
0
What is the units digit of 1328?
8
What is the thousands digit of 78230?
8
What is the units digit of 42518?
8
What is the ten thousands digit of 10482?
1
What is the ten thousands digit of 53917?
5
What is the units digit of 10815?
5
What is the ten thousands digit of 18996?
1
What is the hundreds digit of 3739?
7
What is the hundreds digit of 106294?
2
What is the units digit of 3173?
3
What is the thousands digit of 5028?
5
What is the tens digit of 5008?
0
What is the hundreds digit of 24817?
8
What is the tens digit of 7799?
9
What is the hundreds digit of 5113?
1
What is the tens digit of 1926?
2
What is the thousands digit of 28872?
8
What is the hundreds digit of 298?
2
What is the units digit of 314?
4
What is the tens digit of 786?
8
What is the hundreds digit of 3428?
4
What is the tens digit of 3936?
3
What is the ten thousands digit of 99522?
9
What is the thousands digit of 3851?
3
What is the tens digit of 4119?
1
What is the thousands digit of 39307?
9
What is the tens digit of 23057?
5
What is the tens digit of 2361?
6
What is the hundreds digit of 57054?
0
What is the hundreds digit of 5016?
0
What is the units digit of 76?
6
What is the tens digit of 2614?
1
What is the tens digit of 6094?
9
What is the tens digit of 27279?
7
What is the tens digit of 538?
3
What is the thousands digit of 11211?
1
What is the hundreds digit of 243?
2
What is the thousands digit of 8352?
8
What is the tens digit of 1117?
1
What is the hundreds digit of 552?
5
What is the hundreds digit of 9184?
1
What is the tens digit of 3350?
5
What is the hundreds digit of 3050?
0
What is the hundreds digit of 22958?
9
What is the thousands digit of 5176?
5
What is the tens digit of 2248?
4
What is the ten thousands digit of 137068?
3
What is the tens digit of 8991?
9
What is the tens digit of 2288?
8
What is the ten thousands digit of 12293?
1
What is the hundreds digit of 99703?
7
What is the hundreds digit of 55415?
4
What is the tens digit of 22652?
5
What is the tens digit of 1014?
1
What is the ten thousands digit of 33047?
3
What is the units digit of 197?
7
What is the tens digit of 39391?
9
What is the hundreds digit of 27293?
2
What is the hundreds digit of 31092?
0
What is the units digit of 17492?
2
What is the units digit of 117940?
0
What is the units digit of 2894?
4
What is the hundreds digit of 42524?
5
What is the units digit of 6049?
9
What is the units digit of 15992?
2
What is the hundreds digit of 3309?
3
What is the thousands digit of 59683?
9
What is the hundreds digit of 5513?
5
What is the units digit of 186?
6
What is the units digit of 366?
6
What is the thousands digit of 116851?
6
What is the units digit of 25547?
7
What is the units digit of 1259?
9
What is the thousands digit of 14024?
4
What is the thousands digit of 15224?
5
What is the ten thousands digit of 21608?
2
What is the ten thousands digit of 15061?
1
What is the units digit of 30125?
5
What is the ten thousands digit of 33518?
3
What is the units digit of 699?
9
What is the units digit of 1094?
4
What is the tens digit of 28215?
1
What is the hundreds digit of 26404?
4
What is the hundreds digit of 16153?
1
What is the units digit of 78712?
2
What is the thousands digit of 2087?
2
What is the tens digit of 12267?
6
What is the tens digit of 2309?
0
What is the tens digit of 257?
5
What is the ten thousands digit of 19165?
1
What is the units digit of 3784?
4
What is the units digit of 1180?
0
What is the tens digit of 12388?
8
What is the hundreds digit of 261?
2
What is the tens digit of 555?
5
What is the units digit of 521?
1
What is the hundreds digit of 27287?
2
What is the thousands digit of 4279?
4
What is the thousands digit of 1954?
1
What is the units digit of 11125?
5
What is the units digit of 2464?
4
What is the tens digit of 18431?
3
What is the tens digit of 16253?
5
What is the thousands digit of 35031?
5
What is the units digit of 6250?
0
What is the thousands digit of 2238?
2
What is the tens digit of 51934?
3
What is the units digit of 40611?
1
What is the units digit of 111?
1
What is the thousands digit of 17878?
7
What is the tens digit of 722?
2
What is the units digit of 48?
8
What is the units digit of 2786?
6
What is the thousands digit of 1142?
1
What is the units digit of 168679?
9
What is the ten thousands digit of 61505?
6
What is the thousands digit of 1117?
1
What is the tens digit of 413?
1
What is the units digit of 14610?
0
What is the units digit of 7032?
2
What is the thousands digit of 3661?
3
What is the tens digit of 92065?
6
What is the hundreds digit of 105?
1
What is the hundreds digit of 10530?
5
What is the thousands digit of 1566?
1
What is the thousands digit of 15496?
5
What is the thousands digit of 5629?
5
What is the tens digit of 19589?
8
What is the thousands digit of 3667?
3
What is the hundreds digit of 8201?
2
What is the ten thousands digit of 14025?
1
What is the hundreds digit of 6070?
0
What is the units digit of 3266?
6
What is the units digit of 142913?
3
What is the units digit of 20627?
7
What is the tens digit of 684?
8
What is the hundreds digit of 412?
4
What is the tens digit of 1219?
1
What is the units digit of 591?
1
What is the tens digit of 2374?
7
What is the hundreds digit of 685?
6
What is the units digit of 57?
7
What is the hundreds digit of 7926?
9
What is the tens digit of 4996?
9
What is the tens digit of 21218?
1
What is the hundreds digit of 1951?
9
What is the hundreds digit of 492?
4
What is the hundreds digit of 5471?
4
What is the hundreds digit of 340?
3
What is the hundreds digit of 17283?
2
What is the hundreds digit of 68388?
3
What is the hundreds digit of 9260?
2
What is the thousands digit of 7703?
7
What is the units digit of 824?
4
What is the ten thousands digit of 13063?
1
What is the tens digit of 898?
9
What is the hundred thousands digit of 122392?
1
What is the units digit of 2875?
5
What is the tens digit of 50163?
6
What is the tens digit of 116660?
6
What is the tens digit of 6314?
1
What is the units digit of 576?
6
What is the thousands digit of 9410?
9
What is the hundreds digit of 1071?
0
What is the units digit of 4672?
2
What is the tens digit of 7202?
0
What is the hundreds digit of 554?
5
What is the units digit of 10955?
5
What is the thousands digit of 8163?
8
What is the tens digit of 220?
2
What is the thousands digit of 5088?
5
What is the ten thousands digit of 65391?
6
What is the hundreds digit of 67664?
6
What is the tens digit of 376?
7
What is the thousands digit of 24149?
4
What is the thousands digit of 14582?
4
What is the tens digit of 11184?
8
What is the hundreds digit of 1106?
1
What is the thousands digit of 1327?
1
What is the tens digit of 532?
3
What is the hundreds digit of 990?
9
What is the ten thousands digit of 25378?
2
What is the hundreds digit of 1489?
4
What is the hundreds digit of 1798?
7
What is the thousands digit of 2517?
2
What is the hundreds digit of 17432?
4
What is the hundreds digit of 10173?
1
What is the units digit of 4634?
4
What is the tens digit of 62796?
9
What is the hundreds digit of 1833?
8
What is the units digit of 66902?
2
What is the hundreds digit of 2881?
8
What is the tens digit of 5914?
1
What is the thousands digit of 3544?
3
What is the hundreds digit of 4220?
2
What is the hundreds digit of 22678?
6
What is the units digit of 5260?
0
What is the ten thousands digit of 39066?
3
What is the hundred thousands digit of 139623?
1
What is the units digit of 2519?
9
What is the units digit of 77767?
7
What is the hundreds digit of 29273?
2
What is the tens digit of 32677?
7
What is the thousands digit of 143094?
3
What is the tens digit of 9644?
4
What is the thousands digit of 1251?
1
What is the tens digit of 3732?
3
What is the thousands digit of 9535?
9
What is the tens digit of 2930?
3
What is the hundreds digit of 1087?
0
What is the units digit of 4383?
3
What is the tens digit of 1208?
0
What is the thousands digit of 3784?
3
What is the hundreds digit of 5185?
1
What is the units digit of 1933?
3
What is the hundred thousands digit of 109710?
1
What is the hundreds digit of 13217?
2
What is the hu